 the tens digit of k?
3
Let g = 11350 + -5447. What is the thousands digit of g?
5
Let t(x) = x**3 - 7*x**2 + 3*x - 52. What is the units digit of t(11)?
5
Let m(o) = 129*o + 563. What is the thousands digit of m(15)?
2
Suppose 0 = -c - 3*f + 121, 27*c + 298 = 30*c - 4*f. What is the hundreds digit of c?
1
Let f = 2252 - -26. Suppose -15*j - 328 = -f. What is the hundreds digit of j?
1
Let h = 673 - 227. What is the hundreds digit of h?
4
Suppose -2*x + 9*x = -70. What is the tens digit of (x + 9)/((-1)/(-5))*-19?
9
Suppose 5*v = -4*s - 17 - 19, -2*v = -4*s - 8. Let t be 30/s*(-2)/3. Suppose t*n = 122 - 22. What is the tens digit of n?
2
Suppose 233*q = 232*q + 102. What is the tens digit of q?
0
Let d(s) = 2*s. Let j(y) = 8*y - 41. Let l(u) = 5*d(u) + j(u). What is the tens digit of l(12)?
7
Let f = -585 + 830. What is the tens digit of f?
4
Let b be 12/2 - (3 - 1). Suppose 19*h - 17*h = 2. Suppose 2*s - b*k + 12 = 0, h = -5*k + 21. What is the units digit of s?
2
Let j be (-3741)/12 - 2/8. Let y = -186 - j. What is the units digit of (-2)/5 - y/(-15)?
8
Let z(c) = -c**3 - 14*c**2 - 14*c - 3. Let d be z(-13). Suppose -d*o = -5*o - 260. What is the units digit of o?
2
Suppose 3*i + 1873 = 5*j, 119 = 3*j + 3*i - 1024. What is the tens digit of j?
7
Let l = 4636 - 2996. What is the hundreds digit of l?
6
Let d = -12201 + 17707. What is the units digit of d?
6
Let h(g) = -121*g + 20. Let r(i) = 61*i - 10. Let j(f) = -2*h(f) - 5*r(f). What is the tens digit of j(-2)?
3
Let h(y) = 12*y - y**2 + 7*y**2 - 8*y - 1 + y**3. Let c be h(-5). What is the units digit of (36/(-8) + c)*-78?
9
Suppose 11*s - 457 - 214 = 0. What is the units digit of s?
1
Suppose 0 = 5*b - 20 - 20. Suppose 4*r + 204 = b. Let s = 101 + r. What is the units digit of s?
2
Let j = 1 + -1. Suppose z = -4*i + 3*z + 10, j = i - 4*z + 8. Suppose 2*w - 4 = w, i*u - 80 = w. What is the tens digit of u?
2
Suppose 0*s + s + 3 = -5*w, -4*w = -5*s + 14. Suppose -2*d + 484 = 4*v, -2*d + 514 = -0*d - s*v. What is the hundreds digit of d?
2
Let y(u) = 2*u**2 + u + 1. Let t be y(0). Let b(p) = 47*p**2 - p - 1. What is the units digit of b(t)?
5
Let g = 0 - -9. Let w = -6 + g. Suppose -3*l = -f + w*f - 48, -3*f - 45 = -2*l. What is the tens digit of l?
1
Suppose 3*d + 5*t - 4 = 25, -4 = -t. Suppose -u + 65 = 2*l, -d*u - 2*u - 3*l = -304. What is the units digit of u?
9
Let y = 3 - -1. Suppose -y*g + 2*g = -3*a + 42, -a - 3*g = -25. What is the tens digit of a?
1
Let h = -1035 - -1612. What is the units digit of h?
7
Let y(s) = -s. Let z be y(-3). Let u(a) = -2 - z*a**3 + a - 3*a**3 - a**3 + 6*a**3. What is the tens digit of u(-3)?
2
Let g = 5 - 3. Suppose r - 4*f + 8 = 0, 5*r - g*r - 5*f + 24 = 0. What is the units digit of 0 + 2 + (-168)/r?
3
Let j(k) = k**2 + k - 12. Let r be j(-4). Suppose -7*b + 11*b - 656 = r. What is the tens digit of b?
6
Suppose 19*h - 2388 = 31033. What is the units digit of h?
9
Suppose 0 = 2*h - 4*v - 38, 3*v = -5*h + 7*v + 113. Suppose h*a - 68 = 21*a. What is the units digit of a?
7
Let s = 50 + -28. Suppose 0 = 4*w + s - 42. What is the units digit of w?
5
Let p = 2023 - 807. What is the tens digit of p?
1
Let s = 29 - 83. Let p = s - -168. What is the units digit of p?
4
Let y(n) = n**2 + 12*n - 494. What is the hundreds digit of y(45)?
0
Let c = -104 + 59. Let q = c - -199. What is the units digit of q?
4
Let f(k) = 11*k**2 - 8*k + 24. Suppose 0 = 2*u + 8 - 16. What is the hundreds digit of f(u)?
1
Let h = 77 - 53. Suppose 6*p = 4*p + h. What is the tens digit of -15*(1 + (-32)/p)?
2
Let x(s) = -355*s**3 + 2*s**2 + 3*s + 2. What is the tens digit of x(-1)?
5
Let w(l) = -3*l**3 + 32*l**2 + 34*l - 51. Let r(s) = s**3 - 11*s**2 - 11*s + 17. Let k(m) = 8*r(m) + 3*w(m). What is the units digit of k(9)?
8
Let u(x) = 8*x - 23. Suppose 5 = -3*a + 35. Let h be u(a). Suppose 4*b + h = 261. What is the tens digit of b?
5
Let o be 6/21 + (-66)/(-14). Suppose v + 3*j - 121 = 0, -v - 1 = -o*j - 98. What is the hundreds digit of v?
1
Let b(r) = r**3. Let w(l) = 3*l**3 - 7*l**2 - 17*l - 6. Let q(n) = -4*b(n) + w(n). What is the tens digit of q(-6)?
6
What is the units digit of (-78)/(-468) - (-4810)/12?
1
Let z be 25/6 - 2/12. Suppose -g - g = z. What is the units digit of 220/25*(g + 7)?
4
Let p(n) be the first derivative of 0*n**2 + n - 7 + 20/3*n**3. What is the units digit of p(-1)?
1
Suppose 3*z = 5*u + 520, -528 = -3*z - 5*u + 2*u. Suppose 5*w = w - l + z, 4*l + 203 = 5*w. What is the units digit of w?
3
Suppose -28 + 36 = 4*o. Suppose 65 = o*m - 3*r, -m = -5*m - 4*r + 180. What is the tens digit of m?
4
Suppose n = -5*i + 88, -i - 5*n - 28 = -2*i. Let a = i - 18. Suppose 2*x = -a*x + 22. What is the units digit of x?
1
Let q(k) = 387*k**2 - 2*k + 7. What is the units digit of q(2)?
1
Let a = -57 + 574. What is the tens digit of a?
1
Let t = -454 + 998. Let x = -350 + t. What is the units digit of x?
4
Let t = 24 - 21. Let m(c) = -2*c**2 + 6 + c**t + 26 + c**2 + 10. What is the tens digit of m(0)?
4
Let v(j) = j**3 - 8*j**2 + 15*j + 50. What is the tens digit of v(12)?
0
Let k(d) = d**3 - 5*d**2 + 9*d - 11. Let x be k(6). Suppose 14 = 3*p - x. What is the tens digit of p?
3
Let o(l) = -31*l**2 + 5*l + 19. Let u(p) = 15*p**2 - 2*p - 10. Let s(n) = 2*o(n) + 5*u(n). What is the units digit of s(3)?
5
Let d = -26 + 22. What is the units digit of (-462)/(-5) - d/(-10)?
2
Let j = -12 - -43. Suppose -3*x + b = j, 0*x - 3*b = -4*x - 48. Let t(d) = -d**3 - 9*d**2 + 10. What is the units digit of t(x)?
0
What is the tens digit of 6/((80/(-492))/(-10))?
6
Suppose -o = -h - 3*o + 268, 2*h - 540 = -5*o. What is the tens digit of h?
6
Suppose k + 5 = 20. Suppose 3*d - 5 - 7 = 0. Suppose -d = t - k. What is the units digit of t?
1
Let t(b) = -6*b - 21*b**3 + 20*b**3 - b - 7*b**2 + 1. Let f be t(-6). Suppose 0 = -f*n + n + 96. What is the units digit of n?
6
Let r(b) = b**3 + 4*b**2 + 2*b - 2. Let q be r(-2). Let h be q/(-1) + -8 + 2. What is the units digit of (-20 - 2)*8/h?
2
Suppose 2*g - 1776 = 4*l, 10*l - 6*l = -5*g + 4370. What is the hundreds digit of g?
8
Suppose 0*z = 2*g - z - 62, 3*z = 3*g - 87. Suppose o - 5*o - h + 30 = 0, -h = -5*o + g. Suppose 0 = -o*x + 2*x + 60. What is the tens digit of x?
1
Let l = 11 - 27. Let u = -18 - l. Let m = u + 8. What is the units digit of m?
6
Suppose -694 = -y - 5*f, -17*y + 13*y = -3*f - 2891. What is the tens digit of y?
1
Let p(q) = 45*q + 244. What is the tens digit of p(5)?
6
Let f(l) be the first derivative of 4*l**2 - 3*l - 2. Let t be f(2). Let s(v) = v**2 - 13*v + 2. What is the units digit of s(t)?
2
Let l(c) = -c + 10. Let k be l(9). Let h(t) = 40*t + 1. What is the tens digit of h(k)?
4
Let l be (-5 - -8) + -3*1. Suppose -6*q + 3*q + 9 = l. What is the units digit of q?
3
Let k = 41 + -32. Suppose d + d - g - k = 0, 0 = 3*d - g - 11. What is the units digit of 15/(-5) - (-166)/d?
0
Suppose -4*o = -p - 122, -2*o - 3*p - 56 = -4*o. Suppose -5*g = k - o, 5*k + 2*g - g - 155 = 0. What is the units digit of k?
1
Suppose -4*y + 5*r = 9*r - 984, 2*y + 3*r = 488. What is the hundreds digit of y?
2
Let k(y) = -y**3 - 2*y**2 + 4*y + 3. Let z be k(-3). What is the units digit of 3 + z + (42 - 3)?
2
Suppose -8*w - 22 = -102. Let f(o) = 9*o - 6. What is the tens digit of f(w)?
8
Let i = 320 + 1. What is the units digit of i?
1
Let u = 480 + -333. What is the tens digit of u?
4
Let g = 211 + -10. What is the units digit of g?
1
Let v be (-2 + 2)*1/(-2). Suppose 6*o - 206 - 232 = v. What is the tens digit of o?
7
Suppose j - 3*b - 285 = 0, -j + 436 - 149 = -b. Let n = j - 167. What is the hundreds digit of n?
1
Let z = -38 - -59. Suppose -3*h - i - 11 = i, 3*i = 3*h + z. What is the units digit of (-2)/h - 113/(-5)?
3
Let g(m) = -m + 14. Let l be g(4). Let k = l + -3. Suppose -275 = -k*d + 2*d. What is the units digit of d?
5
Suppose 15 = 4*b - 1. Suppose b*h + 3*i - 180 = h, h + 4*i = 57. What is the units digit of h?
1
Suppose 15*b = 7*b. Suppose p + 3*p - 12 = b. What is the units digit of p?
3
Let f(v) = -4*v - 15 - 2 - 2*v. Suppose -19*o - 159 - 126 = 0. What is the units digit of f(o)?
3
Suppose 0 = 6*l - 5*l - 77. Let i = -49 + l. What is the units digit of i?
8
Suppose 3*y + 841 + 1724 = 5*t, -2*t + 2*y = -1022. What is the units dig